{"id":929,"date":"2025-03-31T03:23:28","date_gmt":"2025-03-31T03:23:28","guid":{"rendered":"https:\/\/normaleskildsen.mx\/eduprimaria\/?page_id=929"},"modified":"2025-04-20T20:19:30","modified_gmt":"2025-04-20T20:19:30","slug":"filosofia-institucional","status":"publish","type":"page","link":"https:\/\/normaleskildsen.mx\/eduprimaria\/filosofia-institucional\/","title":{"rendered":"Filosof\u00eda institucional"},"content":{"rendered":"\n<div style=\"text-align: justify;\">\n\n\n\n<div class=\"wp-block-columns is-layout-flex wp-container-core-columns-is-layout-28f84493 wp-block-columns-is-layout-flex\">\n<div class=\"wp-block-column is-layout-flow wp-block-column-is-layout-flow\" style=\"flex-basis:15%\"><\/div>\n\n\n\n<div class=\"wp-block-column is-layout-flow wp-block-column-is-layout-flow\" style=\"flex-basis:70%\">\n<p>En la Escuela Rosario Mar\u00eda Guti\u00e9rrez Eskildsen, existe claridad en torno a la misi\u00f3n que mueven las acciones de quienes la conforman y se tiene presente la visi\u00f3n que se construye en el d\u00eda a d\u00eda, junto a los Valores que permean la labor acad\u00e9mico administrativa y que es parte del legado que se otorga a quienes se forman en sus aulas<\/p>\n<\/div>\n\n\n\n<div class=\"wp-block-column is-layout-flow wp-block-column-is-layout-flow\" style=\"flex-basis:15%\"><\/div>\n<\/div>\n\n\n\n<div class=\"wp-block-columns is-layout-flex wp-container-core-columns-is-layout-28f84493 wp-block-columns-is-layout-flex\">\n<div class=\"wp-block-column is-layout-flow wp-block-column-is-layout-flow\">\n<div class=\"wp-block-columns is-layout-flex wp-container-core-columns-is-layout-28f84493 wp-block-columns-is-layout-flex\">\n<div class=\"wp-block-column is-layout-flow wp-block-column-is-layout-flow\" style=\"flex-basis:20px\"><\/div>\n\n\n\n<div class=\"wp-block-column is-layout-flow wp-block-column-is-layout-flow\">\n<p><\/p>\n<\/div>\n\n\n\n<div class=\"wp-block-column is-layout-flow wp-block-column-is-layout-flow\" style=\"flex-basis:20px\"><\/div>\n<\/div>\n<\/div>\n<\/div>\n\n\n\n<div class=\"wp-block-columns has-background is-layout-flex wp-container-core-columns-is-layout-e05d3243 wp-block-columns-is-layout-flex\" style=\"background-color:#152b5a;padding-top:0px;padding-right:0px;padding-bottom:0px;padding-left:0px\">\n<div class=\"wp-block-column is-layout-flow wp-block-column-is-layout-flow\" style=\"padding-top:0px;padding-bottom:0px\">\n<div class=\"wp-block-cover aligncenter is-light travey-animate travey-move-left travey-delay-7\" style=\"padding-top:0rem;padding-bottom:0rem;min-height:380px;aspect-ratio:unset;\"><img decoding=\"async\" width=\"2230\" height=\"1487\" class=\"wp-block-cover__image-background wp-image-946\" alt=\"\" src=\"https:\/\/normaleskildsen.mx\/eduprimaria\/wp-content\/uploads\/2025\/03\/MG_9138-copia.jpg\" style=\"object-position:40% 26%\" data-object-fit=\"cover\" data-object-position=\"40% 26%\" srcset=\"https:\/\/normaleskildsen.mx\/eduprimaria\/wp-content\/uploads\/2025\/03\/MG_9138-copia.jpg 2230w, https:\/\/normaleskildsen.mx\/eduprimaria\/wp-content\/uploads\/2025\/03\/MG_9138-copia-300x200.jpg 300w, https:\/\/normaleskildsen.mx\/eduprimaria\/wp-content\/uploads\/2025\/03\/MG_9138-copia-1024x683.jpg 1024w, https:\/\/normaleskildsen.mx\/eduprimaria\/wp-content\/uploads\/2025\/03\/MG_9138-copia-768x512.jpg 768w, https:\/\/normaleskildsen.mx\/eduprimaria\/wp-content\/uploads\/2025\/03\/MG_9138-copia-1536x1024.jpg 1536w, https:\/\/normaleskildsen.mx\/eduprimaria\/wp-content\/uploads\/2025\/03\/MG_9138-copia-2048x1366.jpg 2048w\" sizes=\"(max-width: 2230px) 100vw, 2230px\" \/><span aria-hidden=\"true\" class=\"wp-block-cover__background has-background-dim-0 has-background-dim\" style=\"background-color:#8f8983\"><\/span><div class=\"wp-block-cover__inner-container is-layout-flow wp-block-cover-is-layout-flow\">\n<div class=\"wp-block-columns is-layout-flex wp-container-core-columns-is-layout-28f84493 wp-block-columns-is-layout-flex\">\n<div class=\"wp-block-column is-vertically-aligned-center is-layout-flow wp-block-column-is-layout-flow\"><\/div>\n<\/div>\n<\/div><\/div>\n<\/div>\n<\/div>\n\n\n\n<div class=\"wp-block-columns is-layout-flex wp-container-core-columns-is-layout-28f84493 wp-block-columns-is-layout-flex\">\n<div class=\"wp-block-column is-layout-flow wp-block-column-is-layout-flow\" style=\"flex-basis:10%\"><\/div>\n\n\n\n<div class=\"wp-block-column is-layout-flow wp-block-column-is-layout-flow\" style=\"flex-basis:80%\">\n<h2 class=\"wp-block-heading travey-animate travey-move-right travey-delay-3 has-sixth-color has-text-color has-large-font-size\">Misi\u00f3n<\/h2>\n\n\n\n<p class=\"travey-animate travey-move-right travey-delay-3 has-eighth-color has-seventh-background-color has-text-color has-background has-tiny-font-size\" style=\"font-style:normal;font-weight:300;line-height:1.5\">Lograr la formaci\u00f3n inicial de docentes conforme a los principios y prop\u00f3sitos de la Escuela P\u00fablica Mexicana, con los rasgos deseables del Perfil de Egresado de la Licenciatura en Educaci\u00f3n Primaria, a fin de proporcionar la educaci\u00f3n en valores y principios para ejercer una labor docente de calidad con la ni\u00f1ez tabasque\u00f1a.<\/p>\n\n\n\n<p><\/p>\n\n\n\n<h2 class=\"wp-block-heading travey-animate travey-move-right travey-delay-3 has-sixth-color has-text-color has-large-font-size\">Visi\u00f3n<\/h2>\n\n\n\n<p class=\"travey-animate travey-move-right travey-delay-3 has-ninth-color has-sixth-background-color has-text-color has-background has-tiny-font-size\" style=\"font-style:normal;font-weight:300;line-height:1.5\">Ser una instituci\u00f3n de educaci\u00f3n superior con presencia acad\u00e9mica nacional e internacional, con sentido humanista que contribuya a la formaci\u00f3n integral de los estudiantes mediante un programa educativo incluyente, equitativo, pluricultural y biling\u00fce, que atienda los retos educativos actuales, favoreciendo el desarrollo de las competencias, conformada con personal capacitado que responda a la filosof\u00eda de la nueva escuela normal, que impulse la docencia, la investigaci\u00f3n, extensi\u00f3n y difusi\u00f3n, para fortalecer los procesos de movilidad acad\u00e9mica, formaci\u00f3n y consolidaci\u00f3n de cuerpos acad\u00e9micos, seguimiento a egresados, una cultura de evaluaci\u00f3n, certificaci\u00f3n, capacitaci\u00f3n docente y condiciones de infraestructura y gesti\u00f3n acorde a las IES que permitan una formaci\u00f3n de excelencia.<\/p>\n\n\n\n<h2 class=\"wp-block-heading travey-animate travey-move-right travey-delay-3 has-sixth-color has-text-color has-large-font-size\">Pol\u00edtica de calidad<\/h2>\n\n\n\n<p class=\"travey-animate travey-move-right travey-delay-3 has-eighth-color has-seventh-background-color has-text-color has-background has-tiny-font-size\" style=\"font-style:normal;font-weight:300;line-height:1.5\">Somos una instituci\u00f3n de educaci\u00f3n Superior comprometida en el logro de la formaci\u00f3n inicia de docentes de educaci\u00f3n primaria, conforme a los principios y prop\u00f3sitos de la escuela p\u00fablica mexicana y con rasgos deseables del nuevo maestro, a fin de propiciar la equidad y eficiencia para ejercer la labor docente. Nuestro compromiso se fundamenta en los siguientes pilares:<br><br>* Mejorar continuamente nuestros Sistemas de Gesti\u00f3n de la Calidad.<br>* Brindar servicios de calidad que satisfagan los requisitos de los agentes y autoridades educativas.<br>* Cumplir con los requisitos legales y normas institucionales aplicables a la educaci\u00f3n superior.<\/p>\n<\/div>\n\n\n\n<div class=\"wp-block-column is-layout-flow wp-block-column-is-layout-flow\" style=\"flex-basis:10%\"><\/div>\n<\/div>\n\n\n\n<p style=\"margin-top:0;margin-right:0;margin-bottom:0;margin-left:0\"><\/p>\n\n\n\n<p><\/p>\n","protected":false},"excerpt":{"rendered":"<p>En la Escuela Rosario Mar\u00eda Guti\u00e9rrez Eskildsen, existe claridad en torno a la misi\u00f3n que mueven las acciones de quienes la conforman y se tiene presente la visi\u00f3n que se construye en el d\u00eda a d\u00eda, junto a los Valores que permean la labor acad\u00e9mico administrativa y que es parte del legado que se otorga a quienes se forman en sus aulas Misi\u00f3n Lograr la formaci\u00f3n inicial de docentes conforme a los principios y prop\u00f3sitos de la Escuela P\u00fablica Mexicana, con los rasgos deseables del Perfil de Egresado de la Licenciatura en Educaci\u00f3n Primaria, a fin de proporcionar la educaci\u00f3n<\/p>\n","protected":false},"author":1,"featured_media":0,"parent":0,"menu_order":0,"comment_status":"closed","ping_status":"closed","template":"","meta":{"_eb_attr":"","h5ap_radio_sources":[],"footnotes":""},"class_list":["post-929","page","type-page","status-publish","hentry"],"_links":{"self":[{"href":"https:\/\/normaleskildsen.mx\/eduprimaria\/wp-json\/wp\/v2\/pages\/929","targetHints":{"allow":["GET"]}}],"collection":[{"href":"https:\/\/normaleskildsen.mx\/eduprimaria\/wp-json\/wp\/v2\/pages"}],"about":[{"href":"https:\/\/normaleskildsen.mx\/eduprimaria\/wp-json\/wp\/v2\/types\/page"}],"author":[{"embeddable":true,"href":"https:\/\/normaleskildsen.mx\/eduprimaria\/wp-json\/wp\/v2\/users\/1"}],"replies":[{"embeddable":true,"href":"https:\/\/normaleskildsen.mx\/eduprimaria\/wp-json\/wp\/v2\/comments?post=929"}],"version-history":[{"count":12,"href":"https:\/\/normaleskildsen.mx\/eduprimaria\/wp-json\/wp\/v2\/pages\/929\/revisions"}],"predecessor-version":[{"id":1419,"href":"https:\/\/normaleskildsen.mx\/eduprimaria\/wp-json\/wp\/v2\/pages\/929\/revisions\/1419"}],"wp:attachment":[{"href":"https:\/\/normaleskildsen.mx\/eduprimaria\/wp-json\/wp\/v2\/media?parent=929"}],"curies":[{"name":"wp","href":"https:\/\/api.w.org\/{rel}","templated":true}]}}