{"id":831,"date":"2025-03-30T22:18:10","date_gmt":"2025-03-30T22:18:10","guid":{"rendered":"https:\/\/normaleskildsen.mx\/eduprimaria\/?page_id=831"},"modified":"2025-04-20T20:23:30","modified_gmt":"2025-04-20T20:23:30","slug":"dra-rosario-maria-gutierrez-eskildsen","status":"publish","type":"page","link":"https:\/\/normaleskildsen.mx\/eduprimaria\/dra-rosario-maria-gutierrez-eskildsen\/","title":{"rendered":"Dra. Rosario Mar\u00eda Guti\u00e9rrez Eskildsen"},"content":{"rendered":"\n<div class=\"wp-block-columns has-small-font-size is-layout-flex wp-container-core-columns-is-layout-28f84493 wp-block-columns-is-layout-flex\">\n<div class=\"wp-block-column is-layout-flow wp-block-column-is-layout-flow\">\n<div class=\"wp-block-columns is-layout-flex wp-container-core-columns-is-layout-28f84493 wp-block-columns-is-layout-flex\">\n<div class=\"wp-block-column is-layout-flow wp-block-column-is-layout-flow\">\n<div class=\"wp-block-columns is-layout-flex wp-container-core-columns-is-layout-28f84493 wp-block-columns-is-layout-flex\">\n<div class=\"wp-block-column is-layout-flow wp-block-column-is-layout-flow\">\n<p class=\"has-small-font-size\"><\/p>\n\n\n\n<p class=\"has-black-color has-text-color has-link-color wp-elements-54c5131be7c304b0a1e912888cd0543d\" style=\"margin-top:var(--wp--preset--spacing--20);margin-right:var(--wp--preset--spacing--80);margin-bottom:var(--wp--preset--spacing--20);margin-left:var(--wp--preset--spacing--80);font-size:16px\">Nuestros s\u00edmbolos intitucionales nos dan identidad y orgullo, por tanto se dedica este apartado en el cual podr\u00e1n encontrar nuestro invaluable Himno Institucional &#8220;<em>Soy normalista<\/em>&#8220;, nuestro Escudo, nuestros murales &#8220;<em>Nuestro derecho c\u00f3smico a protestar<\/em>&#8220;, &#8220;<em>Ra\u00edces del normalismo<\/em>&#8221; y la historia de nuestra fundadora, Dra. Rosario Mar\u00eda Guti\u00e9rrez Eskildsen.<\/p>\n\n\n\n<div class=\"wp-block-columns is-layout-flex wp-container-core-columns-is-layout-28f84493 wp-block-columns-is-layout-flex\">\n<div class=\"wp-block-column is-layout-flow wp-block-column-is-layout-flow\" style=\"flex-basis:25%\"><\/div>\n\n\n\n<div class=\"wp-block-column is-layout-flow wp-block-column-is-layout-flow\" style=\"flex-basis:50%\"><\/div>\n\n\n\n<div class=\"wp-block-column is-layout-flow wp-block-column-is-layout-flow\" style=\"flex-basis:25%\"><\/div>\n<\/div>\n<\/div>\n<\/div>\n<\/div>\n<\/div>\n<\/div>\n<\/div>\n\n\n\n<div class=\"wp-block-essential-blocks-advanced-tabs alignwide  root-eb-advanced-tabs-73ol9\"><div class=\"eb-parent-wrapper eb-parent-eb-advanced-tabs-73ol9 \"><div class=\"eb-advanced-tabs-73ol9 eb-advanced-tabs-wrapper horizontal\" data-min-height=\"true\"><div class=\"eb-tabs-nav\"><ul class=\"tabTitles\" data-tabs-ul-id=\"eb-advanced-tabs-73ol9\"><li data-title-tab-id=\"1\" data-title-custom-id=\"\" class=\"active\"><h6 class=\"tab-title-text\"><strong><font style=\"vertical-align: inherit;\"><font style=\"vertical-align: inherit;\">Dra. Rosario Mar\u00eda Guti\u00e9rrez Eskildsen<\/font><\/font><\/strong><\/h6><\/li><\/ul><\/div><div class=\"eb-tabs-contents\">\n<div class=\"eb-tab-wrapper\" data-tab-id=\"1\" data-tab-parent-id=\"eb-advanced-tabs-73ol9\"><div class=\"eb-tab-inner\">\n<div class=\"wp-block-columns is-layout-flex wp-container-core-columns-is-layout-28f84493 wp-block-columns-is-layout-flex\">\n<div class=\"wp-block-column is-vertically-aligned-center is-layout-flow wp-block-column-is-layout-flow\" style=\"flex-basis:33.33%\">\n<figure class=\"wp-block-image size-full is-resized\"><img decoding=\"async\" width=\"361\" height=\"544\" src=\"https:\/\/normaleskildsen.mx\/eduprimaria\/wp-content\/uploads\/2025\/03\/eskildsen-1.png\" alt=\"\" class=\"wp-image-577\" style=\"width:373px;height:auto\" srcset=\"https:\/\/normaleskildsen.mx\/eduprimaria\/wp-content\/uploads\/2025\/03\/eskildsen-1.png 361w, https:\/\/normaleskildsen.mx\/eduprimaria\/wp-content\/uploads\/2025\/03\/eskildsen-1-199x300.png 199w\" sizes=\"(max-width: 361px) 100vw, 361px\" \/><\/figure>\n<\/div>\n\n\n\n<div class=\"wp-block-column is-layout-constrained wp-block-column-is-layout-constrained\" style=\"flex-basis:50%\">\n<div class=\"wp-block-essential-blocks-advanced-tabs alignwide  root-eb-advanced-tabs-7w4t0\"><div class=\"eb-parent-wrapper eb-parent-eb-advanced-tabs-7w4t0 \"><div class=\"eb-advanced-tabs-7w4t0 eb-advanced-tabs-wrapper horizontal\" data-min-height=\"true\"><div class=\"eb-tabs-nav\"><ul class=\"tabTitles\" data-tabs-ul-id=\"eb-advanced-tabs-7w4t0\"><li data-title-tab-id=\"6\" class=\"active\"><h6 class=\"tab-title-text\">Su historia<\/h6><\/li><li data-title-tab-id=\"5\" class=\"inactive\"><h6 class=\"tab-title-text\">Vida y Obra de Rosario Mar\u00eda Guti\u00e9rrez Eskildsen.<br><\/h6><\/li><li data-title-tab-id=\"7\" class=\"inactive\"><h6 class=\"tab-title-text\">Vocaci\u00f3n docente, una luz que seguir: Profesora Rosario Mar\u00eda Guti\u00e9rrez Eskildsen.<\/h6><\/li><\/ul><\/div><div class=\"eb-tabs-contents\">\n<div class=\"eb-tab-wrapper\" data-tab-id=\"5\" data-tab-parent-id=\"eb-advanced-tabs-7w4t0\"><div class=\"eb-tab-inner\">\n<p class=\"has-text-align-center\">Por <strong>Alicia Delaval<\/strong> y&nbsp;<strong>Olinda Garc\u00eda Payr\u00f3<\/strong><\/p>\n\n\n\n<p class=\"has-sixth-color has-text-color has-link-color wp-elements-0caf5e6cbcc051361d1631b084f51354\"><\/p>\n\n\n\n<div class=\"wp-block-columns is-layout-flex wp-container-core-columns-is-layout-28f84493 wp-block-columns-is-layout-flex\">\n<div class=\"wp-block-column is-layout-flow wp-block-column-is-layout-flow\">\n<div class=\"wp-block-columns is-layout-flex wp-container-core-columns-is-layout-28f84493 wp-block-columns-is-layout-flex\">\n<div class=\"wp-block-column is-layout-flow wp-block-column-is-layout-flow\" style=\"flex-basis:25%\"><\/div>\n\n\n\n<div class=\"wp-block-column is-layout-flow wp-block-column-is-layout-flow\" style=\"flex-basis:50%\">\n<figure class=\"wp-block-image size-full\"><a href=\"https:\/\/normaleskildsen.mx\/eduprimaria\/wp-content\/uploads\/2025\/03\/vyo.pdf\"><img decoding=\"async\" width=\"533\" height=\"789\" src=\"https:\/\/normaleskildsen.mx\/eduprimaria\/wp-content\/uploads\/2025\/03\/RMGE-1-2.webp\" alt=\"\" class=\"wp-image-416\" srcset=\"https:\/\/normaleskildsen.mx\/eduprimaria\/wp-content\/uploads\/2025\/03\/RMGE-1-2.webp 533w, https:\/\/normaleskildsen.mx\/eduprimaria\/wp-content\/uploads\/2025\/03\/RMGE-1-2-203x300.webp 203w\" sizes=\"(max-width: 533px) 100vw, 533px\" \/><\/a><\/figure>\n<\/div>\n\n\n\n<div class=\"wp-block-column is-layout-flow wp-block-column-is-layout-flow\" style=\"flex-basis:25%\"><\/div>\n<\/div>\n<\/div>\n<\/div>\n<\/div><\/div>\n\n\n\n<div class=\"eb-tab-wrapper\" data-tab-id=\"6\" data-tab-parent-id=\"eb-advanced-tabs-7w4t0\"><div class=\"eb-tab-inner\">\n<p class=\"has-tiny-font-size\" style=\"padding-top:var(--wp--preset--spacing--30);padding-bottom:var(--wp--preset--spacing--30)\">Naci\u00f3 en Villahermosa, Tabasco el 16 de abril de 1905 y muri\u00f3 en la ciudad de M\u00e9xico el 12 mayo de 1979. Maestra en instrucci\u00f3n primaria elemental (1917), y superior (1921), en ciencias de la educaci\u00f3n (1934) y en letras (1941), y doctora en letras por la Universidad Nacional Aut\u00f3noma de M\u00e9xico (1944). Realiz\u00f3 estudios de postgrado en la Universidad de Columbia. Un parque infantil y una calle de Villahermosa, un centro escolar en Nacajuca y la biblioteca de la escuela secundaria federal de Comalcalco en Tabasco llevan su nombre.<\/p>\n\n\n\n<p class=\"has-tiny-font-size\" style=\"padding-top:var(--wp--preset--spacing--30);padding-bottom:var(--wp--preset--spacing--30)\">Escribi\u00f3 varias obras: Prosodia fon\u00e9tica de Tabasco, El habla popular y campesina de Tabasco, Substrato y superestrato del espa\u00f1ol en Tabasco, Informaci\u00f3n gramatical, Espa\u00f1ol (primero y segundo curso), Dos ilustres gram\u00e1ticos (Mariano Jos\u00e9 Sicilia y Miguel Salinas Alan\u00eds), El diptongo en la Real Academia y la Teor\u00eda de Sicilia y Cartilla para ense\u00f1ar espa\u00f1ol. Public\u00f3 22 folletos con trabajos de sus alumnos en diversos grados de literatura y lengua espa\u00f1olas (1930-1961).<\/p>\n\n\n\n<p class=\"has-sixth-color has-text-color\" style=\"padding-top:var(--wp--preset--spacing--30);padding-bottom:var(--wp--preset--spacing--30)\">Informaci\u00f3n obtenida de&nbsp;<a href=\"http:\/\/biblioweb.tic.unam.mx\/diccionario\/htm\/biografias\/bio_g\/gutierrez_eskil.htm\">http:\/\/biblioweb.tic.unam.mx\/<\/a><\/p>\n<\/div><\/div>\n\n\n\n<div class=\"eb-tab-wrapper\" data-tab-id=\"7\" data-tab-parent-id=\"eb-advanced-tabs-7w4t0\"><div class=\"eb-tab-inner\">\n<p><\/p>\n\n\n\n<p class=\"has-text-align-center\">Por <strong>Mar\u00eda Remedios P\u00e9rez de la Cruz<\/strong><\/p>\n\n\n\n<div class=\"wp-block-columns is-layout-flex wp-container-core-columns-is-layout-28f84493 wp-block-columns-is-layout-flex\">\n<div class=\"wp-block-column is-layout-flow wp-block-column-is-layout-flow\"><\/div>\n<\/div>\n\n\n\n<div class=\"wp-block-columns is-layout-flex wp-container-core-columns-is-layout-28f84493 wp-block-columns-is-layout-flex\">\n<div class=\"wp-block-column is-layout-flow wp-block-column-is-layout-flow\" style=\"flex-basis:25%\"><\/div>\n\n\n\n<div class=\"wp-block-column is-layout-flow wp-block-column-is-layout-flow\" style=\"flex-basis:50%\">\n<figure class=\"wp-block-image size-full\"><a href=\"https:\/\/normaleskildsen.mx\/eduprimaria\/wp-content\/uploads\/2025\/03\/2226-Texto-del-articulo-9745-1-10-20180111.pdf\"><img decoding=\"async\" width=\"538\" height=\"668\" src=\"https:\/\/normaleskildsen.mx\/eduprimaria\/wp-content\/uploads\/2025\/03\/portada2.png\" alt=\"\" class=\"wp-image-502\" srcset=\"https:\/\/normaleskildsen.mx\/eduprimaria\/wp-content\/uploads\/2025\/03\/portada2.png 538w, https:\/\/normaleskildsen.mx\/eduprimaria\/wp-content\/uploads\/2025\/03\/portada2-242x300.png 242w\" sizes=\"(max-width: 538px) 100vw, 538px\" \/><\/a><\/figure>\n<\/div>\n\n\n\n<div class=\"wp-block-column is-layout-flow wp-block-column-is-layout-flow\" style=\"flex-basis:25%\"><\/div>\n<\/div>\n<\/div><\/div>\n<\/div><\/div><\/div><\/div>\n<\/div>\n<\/div>\n<\/div><\/div>\n<\/div><\/div><\/div><\/div>\n\n\n\n<div class=\"wp-block-columns is-layout-flex wp-container-core-columns-is-layout-28f84493 wp-block-columns-is-layout-flex\">\n<div class=\"wp-block-column is-layout-flow wp-block-column-is-layout-flow\" style=\"flex-basis:10%\"><\/div>\n\n\n\n<div class=\"wp-block-column is-layout-flow wp-block-column-is-layout-flow\" style=\"flex-basis:80%\">\n<div class=\"wp-block-group alignfull has-text-color has-background is-layout-flow wp-block-group-is-layout-flow\" style=\"color:#000000;background-color:#ffffff\">\n<div style=\"height:64px\" aria-hidden=\"true\" class=\"wp-block-spacer\"><\/div>\n\n\n\n<p class=\"has-text-align-center has-small-font-size\" style=\"line-height:.9\"><strong>Nuestro escudo y lema normalista<\/strong><\/p>\n\n\n\n<div class=\"wp-block-buttons is-horizontal is-content-justification-center is-layout-flex wp-container-core-buttons-is-layout-03627597 wp-block-buttons-is-layout-flex\">\n<div class=\"wp-block-button has-custom-width wp-block-button__width-50 is-style-custombuttonthree\"><a class=\"wp-block-button__link has-sixth-background-color has-text-color has-background wp-element-button\" href=\"https:\/\/normaleskildsen.mx\/eduprimaria\/escudo-y-lema\/\" style=\"border-radius:50px;color:#ffffff\">Lee m\u00e1s<\/a><\/div>\n<\/div>\n\n\n\n<div style=\"height:64px\" aria-hidden=\"true\" class=\"wp-block-spacer\"><\/div>\n<\/div>\n<\/div>\n\n\n\n<div class=\"wp-block-column is-layout-flow wp-block-column-is-layout-flow\" style=\"flex-basis:10%\"><\/div>\n<\/div>\n\n\n\n<p><\/p>\n","protected":false},"excerpt":{"rendered":"<p>Nuestros s\u00edmbolos intitucionales nos dan identidad y orgullo, por tanto se dedica este apartado en el cual podr\u00e1n encontrar nuestro invaluable Himno Institucional &#8220;Soy normalista&#8220;, nuestro Escudo, nuestros murales &#8220;Nuestro derecho c\u00f3smico a protestar&#8220;, &#8220;Ra\u00edces del normalismo&#8221; y la historia de nuestra fundadora, Dra. Rosario Mar\u00eda Guti\u00e9rrez Eskildsen. Nuestro escudo y lema normalista<\/p>\n","protected":false},"author":1,"featured_media":0,"parent":0,"menu_order":0,"comment_status":"closed","ping_status":"closed","template":"","meta":{"_eb_attr":"","h5ap_radio_sources":[],"footnotes":""},"class_list":["post-831","page","type-page","status-publish","hentry"],"_links":{"self":[{"href":"https:\/\/normaleskildsen.mx\/eduprimaria\/wp-json\/wp\/v2\/pages\/831","targetHints":{"allow":["GET"]}}],"collection":[{"href":"https:\/\/normaleskildsen.mx\/eduprimaria\/wp-json\/wp\/v2\/pages"}],"about":[{"href":"https:\/\/normaleskildsen.mx\/eduprimaria\/wp-json\/wp\/v2\/types\/page"}],"author":[{"embeddable":true,"href":"https:\/\/normaleskildsen.mx\/eduprimaria\/wp-json\/wp\/v2\/users\/1"}],"replies":[{"embeddable":true,"href":"https:\/\/normaleskildsen.mx\/eduprimaria\/wp-json\/wp\/v2\/comments?post=831"}],"version-history":[{"count":9,"href":"https:\/\/normaleskildsen.mx\/eduprimaria\/wp-json\/wp\/v2\/pages\/831\/revisions"}],"predecessor-version":[{"id":1427,"href":"https:\/\/normaleskildsen.mx\/eduprimaria\/wp-json\/wp\/v2\/pages\/831\/revisions\/1427"}],"wp:attachment":[{"href":"https:\/\/normaleskildsen.mx\/eduprimaria\/wp-json\/wp\/v2\/media?parent=831"}],"curies":[{"name":"wp","href":"https:\/\/api.w.org\/{rel}","templated":true}]}}