{"id":4240,"date":"2026-02-25T18:47:21","date_gmt":"2026-02-25T18:47:21","guid":{"rendered":"https:\/\/normaleskildsen.mx\/eduprimaria\/?page_id=4240"},"modified":"2026-02-25T18:58:58","modified_gmt":"2026-02-25T18:58:58","slug":"actividades-extracurriculares-2026a","status":"publish","type":"page","link":"https:\/\/normaleskildsen.mx\/eduprimaria\/actividades-extracurriculares-2026a\/","title":{"rendered":"Actividades extracurriculares 2026A"},"content":{"rendered":"\n<div class=\"wp-block-columns is-layout-flex wp-container-core-columns-is-layout-28f84493 wp-block-columns-is-layout-flex\">\n<div class=\"wp-block-column is-layout-flow wp-block-column-is-layout-flow\" style=\"flex-basis:10%\"><\/div>\n\n\n\n<div class=\"wp-block-column is-layout-flow wp-block-column-is-layout-flow\" style=\"flex-basis:80%\">\n<p><\/p>\n\n\n\n<h2 class=\"wp-block-heading has-text-align-center has-sixth-color has-text-color has-link-color wp-elements-cff154cba346e516abc4bcd1919e96e5\"><strong>Bienvenidos <\/strong><\/h2>\n\n\n\n<p><\/p>\n\n\n\n<p class=\"has-text-align-center\">En este espacio encontrar\u00e1s las convocatorias vigentes de Actividades Extracurriculares, organizadas por rubro para facilitar tu consulta.<\/p>\n\n\n\n<p class=\"has-text-align-center\">Te invitamos a ingresar a cada convocatoria y revisar cuidadosamente el documento correspondiente, donde se detalla la oferta disponible, los requisitos, fechas, modalidad de participaci\u00f3n y dem\u00e1s aspectos relevantes.<\/p>\n\n\n\n<p class=\"has-text-align-center\">Las actividades est\u00e1n dirigidas tanto a docentes en formaci\u00f3n de nuestra Instituci\u00f3n, como al p\u00fablico en general, seg\u00fan lo establecido en cada convocatoria.<br>Te recomendamos identificar el rubro que corresponde a tu perfil y participar dentro de los tiempos se\u00f1alados.<\/p>\n\n\n\n<p class=\"has-text-align-center\"><\/p>\n\n\n\n<p><\/p>\n\n\n\n<div class=\"wp-block-columns is-layout-flex wp-container-core-columns-is-layout-28f84493 wp-block-columns-is-layout-flex\">\n<div class=\"wp-block-column is-layout-flow wp-block-column-is-layout-flow\">\n<figure class=\"wp-block-image aligncenter size-large is-resized\"><a href=\"https:\/\/normaleskildsen.mx\/documentos\/ConvocatoriaInterna2026A.pdf\"><img decoding=\"async\" width=\"793\" height=\"1024\" src=\"https:\/\/normaleskildsen.mx\/eduprimaria\/wp-content\/uploads\/2026\/02\/interna-793x1024.png\" alt=\"\" class=\"wp-image-4241\" style=\"width:289px;height:auto\" srcset=\"https:\/\/normaleskildsen.mx\/eduprimaria\/wp-content\/uploads\/2026\/02\/interna-793x1024.png 793w, https:\/\/normaleskildsen.mx\/eduprimaria\/wp-content\/uploads\/2026\/02\/interna-232x300.png 232w, https:\/\/normaleskildsen.mx\/eduprimaria\/wp-content\/uploads\/2026\/02\/interna-768x992.png 768w, https:\/\/normaleskildsen.mx\/eduprimaria\/wp-content\/uploads\/2026\/02\/interna-1189x1536.png 1189w, https:\/\/normaleskildsen.mx\/eduprimaria\/wp-content\/uploads\/2026\/02\/interna-1585x2048.png 1585w, https:\/\/normaleskildsen.mx\/eduprimaria\/wp-content\/uploads\/2026\/02\/interna-scaled.png 1981w\" sizes=\"(max-width: 793px) 100vw, 793px\" \/><\/a><\/figure>\n<\/div>\n\n\n\n<div class=\"wp-block-column is-layout-flow wp-block-column-is-layout-flow\">\n<figure class=\"wp-block-image aligncenter size-large is-resized\"><a href=\"https:\/\/normaleskildsen.mx\/documentos\/ConvocatoriaExterna2026A.pdf\"><img decoding=\"async\" width=\"793\" height=\"1024\" src=\"https:\/\/normaleskildsen.mx\/eduprimaria\/wp-content\/uploads\/2026\/02\/externa-793x1024.png\" alt=\"\" class=\"wp-image-4242\" style=\"width:289px;height:auto\" srcset=\"https:\/\/normaleskildsen.mx\/eduprimaria\/wp-content\/uploads\/2026\/02\/externa-793x1024.png 793w, https:\/\/normaleskildsen.mx\/eduprimaria\/wp-content\/uploads\/2026\/02\/externa-232x300.png 232w, https:\/\/normaleskildsen.mx\/eduprimaria\/wp-content\/uploads\/2026\/02\/externa-768x992.png 768w, https:\/\/normaleskildsen.mx\/eduprimaria\/wp-content\/uploads\/2026\/02\/externa-1189x1536.png 1189w, https:\/\/normaleskildsen.mx\/eduprimaria\/wp-content\/uploads\/2026\/02\/externa-1585x2048.png 1585w, https:\/\/normaleskildsen.mx\/eduprimaria\/wp-content\/uploads\/2026\/02\/externa-scaled.png 1981w\" sizes=\"(max-width: 793px) 100vw, 793px\" \/><\/a><\/figure>\n<\/div>\n<\/div>\n<\/div>\n\n\n\n<div class=\"wp-block-column is-layout-flow wp-block-column-is-layout-flow\" style=\"flex-basis:10%\"><\/div>\n<\/div>\n\n\n\n<p><\/p>\n","protected":false},"excerpt":{"rendered":"<p>Bienvenidos En este espacio encontrar\u00e1s las convocatorias vigentes de Actividades Extracurriculares, organizadas por rubro para facilitar tu consulta. Te invitamos a ingresar a cada convocatoria y revisar cuidadosamente el documento correspondiente, donde se detalla la oferta disponible, los requisitos, fechas, modalidad de participaci\u00f3n y dem\u00e1s aspectos relevantes. Las actividades est\u00e1n dirigidas tanto a docentes en formaci\u00f3n de nuestra Instituci\u00f3n, como al p\u00fablico en general, seg\u00fan lo establecido en cada convocatoria.Te recomendamos identificar el rubro que corresponde a tu perfil y participar dentro de los tiempos se\u00f1alados.<\/p>\n","protected":false},"author":1,"featured_media":0,"parent":0,"menu_order":0,"comment_status":"closed","ping_status":"closed","template":"","meta":{"_eb_attr":"","h5ap_radio_sources":[],"footnotes":""},"class_list":["post-4240","page","type-page","status-publish","hentry"],"_links":{"self":[{"href":"https:\/\/normaleskildsen.mx\/eduprimaria\/wp-json\/wp\/v2\/pages\/4240","targetHints":{"allow":["GET"]}}],"collection":[{"href":"https:\/\/normaleskildsen.mx\/eduprimaria\/wp-json\/wp\/v2\/pages"}],"about":[{"href":"https:\/\/normaleskildsen.mx\/eduprimaria\/wp-json\/wp\/v2\/types\/page"}],"author":[{"embeddable":true,"href":"https:\/\/normaleskildsen.mx\/eduprimaria\/wp-json\/wp\/v2\/users\/1"}],"replies":[{"embeddable":true,"href":"https:\/\/normaleskildsen.mx\/eduprimaria\/wp-json\/wp\/v2\/comments?post=4240"}],"version-history":[{"count":7,"href":"https:\/\/normaleskildsen.mx\/eduprimaria\/wp-json\/wp\/v2\/pages\/4240\/revisions"}],"predecessor-version":[{"id":4251,"href":"https:\/\/normaleskildsen.mx\/eduprimaria\/wp-json\/wp\/v2\/pages\/4240\/revisions\/4251"}],"wp:attachment":[{"href":"https:\/\/normaleskildsen.mx\/eduprimaria\/wp-json\/wp\/v2\/media?parent=4240"}],"curies":[{"name":"wp","href":"https:\/\/api.w.org\/{rel}","templated":true}]}}